.
17
Let t = -1052 - -1226. What are the prime factors of t?
2, 3, 29
Let q = -20 + 11. Let p(j) = -4*j**2 - 16*j - 3. Let x be p(-7). List the prime factors of (-2)/3 + x/q.
3
Let n = -355 + 1038. List the prime factors of n.
683
Suppose g = -0 + 14. What are the prime factors of 7/(g/220) + 3?
113
Suppose -4*f + w + 5438 = 0, -2511 = -3*f - 4*w + 1558. List the prime factors of f.
3, 151
Let c be ((-12)/(-7))/(3/147). Suppose w - 4*j = 39, -4*w + 2*j + c = -44. Suppose 4*x - w - 49 = 0. List the prime factors of x.
2, 5
Suppose 38 = -9*a + 146. List the prime factors of -2 - (-6)/2*308/a.
3, 5
Suppose 3*p - 51 = 81. Suppose -232 = -2*u - 4*o + p, 5*o = 15. List the prime factors of u.
2, 3, 11
Suppose 0*u + 5*y + 435 = 4*u, 5*u - 3*y = 560. List the prime factors of u.
5, 23
Let w = -20 + 30. Suppose w*b - 6*b = 5*z - 129, -4*b + 161 = 5*z. What are the prime factors of z?
29
Let b be ((-7 - -14) + -43)*14/4. List the prime factors of (b/14)/(2/(-6)).
3
Let f be 86/(-8) + (-6)/24. Let h = -4 - f. What are the prime factors of 56/h - (-1 - 0)?
3
Let f be (-1 + -12)*(-4)/(-2). Let r = -5 - f. Suppose -183 = -6*m - r. What are the prime factors of m?
3
Let m(x) = -2*x**3 + 42*x**2 - x - 36. What are the prime factors of m(20)?
2, 3, 31
Let j be (3/(-6 - -3))/(1/(-5)). Suppose -14*z + j*z + 729 = 0. What are the prime factors of z?
3
Let g(p) be the first derivative of 4*p**3/3 - 5*p**2 - 17*p - 7. What are the prime factors of g(9)?
7, 31
Suppose 0 = 7*u + 2*u - 2997. Let q = 474 - u. What are the prime factors of q?
3, 47
Suppose 13*h - 20*h + 4095 = 0. List the prime factors of h.
3, 5, 13
Let t(s) = 8*s**2 + 91*s + 72. What are the prime factors of t(-22)?
2, 971
Let k = -3994 + 8618. List the prime factors of k.
2, 17
Suppose -t - 4757 = -4*t - 2*d, -3*t = -2*d - 4777. List the prime factors of t.
7, 227
Suppose 1 = -2*h + 9. Suppose h*c = -8*l + 3*l + 44, 0 = 3*c + 5*l - 38. Suppose 51 + 159 = c*u. What are the prime factors of u?
5, 7
Let c(m) = -m**2 - 2*m + 1. Let b be c(-2). What are the prime factors of b/(-4 - 138/(-34))?
17
Suppose -20*h = -3757 - 21983. What are the prime factors of h?
3, 11, 13
Let v(l) = 15*l**3 - 35*l**2 + 13*l + 50. Let k(t) = 7*t**3 - 17*t**2 + 7*t + 25. Let d(b) = 13*k(b) - 6*v(b). List the prime factors of d(11).
2, 3, 7
Let z(a) = 2*a**2 + 2*a - 2. Let h(l) = l**3 - 8*l**2 + 8*l - 10. Let s be h(7). What are the prime factors of z(s)?
2, 5
Suppose 47*w - 272 = 46*w. List the prime factors of w.
2, 17
Suppose -2*u + 41 = -47. Let d = u - 13. Suppose b - 79 = -d. What are the prime factors of b?
2, 3
Let f(n) = 68*n + 97. List the prime factors of f(6).
5, 101
List the prime factors of ((-384)/(-80))/((-4)/(-440)).
2, 3, 11
Let p(r) = r**3 - 7*r**2 - 19*r + 12. Let o be p(9). List the prime factors of (-1 - (o - -62 - 0))/(-2).
3, 11
Suppose 4*v = p - 5, 5*p + v - 76 = 4*v. Suppose a = -0*a + 3. Suppose p + a = x. What are the prime factors of x?
2, 5
Let m be ((-14)/(-1))/(5/(-10)). Let l = m - -90. List the prime factors of l.
2, 31
What are the prime factors of -3 + 4 + 200 - (-4)/2?
7, 29
Let h = 286 - 157. Suppose -4*m + h = -m. What are the prime factors of m?
43
Suppose 0 = 5*v + 3*n - 2066, -v - 6*n + 2*n = -420. What are the prime factors of v?
2, 103
Suppose -3*y + 5*l + 118 = 0, -2*y + 4*l + 188 = 3*y. Suppose y + 52 = 2*b. List the prime factors of b.
2, 11
Let f(l) = 2*l - 4. Let y be 1*(-2 - 0) - -10. Let h be f(y). Let i = h - 8. What are the prime factors of i?
2
Suppose 132 = o - 5*z, -5*o - 2*z = -4*z - 729. List the prime factors of o.
3, 7
Let m be 0 - (-40 + 0)/(-1). Let p = 31 + m. List the prime factors of (-36)/(-8) + p/(-6).
2, 3
Suppose y = 4*z + 1931, 15*y + 3872 = 17*y + 2*z. List the prime factors of y.
3, 5, 43
Let q = 876 - 339. Let k = q + -275. What are the prime factors of k?
2, 131
Let d = 2730 + -238. Suppose 0 = 11*b + 237 - d. List the prime factors of b.
5, 41
Let p(q) = 1246*q**2 - 8*q - 4. What are the prime factors of p(1)?
2, 617
Suppose 5*b - 4 = 16. Let z be 168/15 - b/(-5). What are the prime factors of (-8)/z + 222/9?
2, 3
Suppose 14112 = -27*j + 36*j. List the prime factors of j.
2, 7
Let z(r) = 8*r**2 + 7*r + 31. List the prime factors of z(-5).
2, 7
Let q(b) = 53*b + 10. Let m be q(-4). Let u = m - -392. List the prime factors of u.
2, 5, 19
Suppose 5*w + 2*m + 33 = 0, -5*w - 18 - 22 = -5*m. Let q = 69 + w. What are the prime factors of q?
2, 31
Suppose 2*l = 2*a + 66 + 134, -4*a - 200 = -2*l. What are the prime factors of l?
2, 5
Let v(n) = -38*n + 173. List the prime factors of v(-33).
1427
Let n(t) = 42 - 3 + 2*t**2 - 40 - 36*t**3. Let a = 1 - 2. What are the prime factors of n(a)?
37
Let c = 38 + -11. Suppose -c = -2*q + 89. List the prime factors of q.
2, 29
List the prime factors of 21/(((-2)/24)/(15/(-27))).
2, 5, 7
Let v(p) be the second derivative of 0 - p**2 + 1/6*p**3 + 9*p + 5/3*p**4. What are the prime factors of v(1)?
19
What are the prime factors of (-224)/14*(-91)/4?
2, 7, 13
Suppose -g - 8*m + 506 = -4*m, 5*m + 497 = g. List the prime factors of g.
2, 251
Suppose 6 = -t + 5. List the prime factors of (2 - 44)*t + 5.
47
Let k(y) = y**2 - 7*y - 35. Let l be k(-5). Let i = l + 15. List the prime factors of i.
2, 5
Let j(n) = n**3 + 2*n**2 + 3*n - 76. List the prime factors of j(10).
2, 577
Suppose -3*w - s + 2*s = -85, 0 = -4*w - 4*s + 140. Let a be (w/(-7))/((-5)/105). Suppose 3*b = -2*b + 25, 5*f = -4*b + a. List the prime factors of f.
2, 7
Suppose -5*a - 9 = 1. Let m(i) = i**2 + 5*i. Let p(h) = h**2 + 4*h. Let t(o) = a*m(o) + 3*p(o). List the prime factors of t(-9).
3, 7
Let g be 2 + 771/2 + 13/26. Let x = g - 195. List the prime factors of x.
193
Let r(d) = 4*d**2 + 136*d - 10. List the prime factors of r(-36).
2, 139
Suppose -4*z = 2*z - 24. Suppose -80 = -z*a + 5*o - 8, 30 = 2*a - o. List the prime factors of a.
13
Suppose 5*n - 9 = -m - 2*m, -2*m - n = 1. Let k(v) = -161*v - 7. Let u be k(m). Suppose 5*c - u = -120. What are the prime factors of c?
3, 13
Let i(u) = 47*u**2 - 5*u + 4. Let j be i(3). List the prime factors of (0 + -1)/(5 + j/(-82)).
41
Let z be 2*(-2)/(4 - 8). What are the prime factors of z/(3/52)*(-9 + 12)?
2, 13
Suppose -6112 = -4*v - 1376. List the prime factors of v.
2, 37
Suppose -29*d + 36*d - 259 = 0. List the prime factors of d.
37
List the prime factors of -3*1 + ((-42)/6 - -164).
2, 7, 11
Suppose 122 = 3*m - 22. Let d = -36 - -60. Suppose 24 = 2*i - 4*w - d, -m = -2*i - 3*w. What are the prime factors of i?
2, 3
Let d = 0 - 8. Let u = 31 + d. What are the prime factors of u?
23
Let g(f) = -f**2 + 9*f + 3. Suppose -2*b - 1 = -17. List the prime factors of g(b).
11
Suppose 16 = 5*h - 4*r, -2*h + 5*h - 9 = 3*r. Suppose -4*z + 596 = -4*u, -h = 4*u + 16. What are the prime factors of z?
2, 3
Let a = 34 - 50. What are the prime factors of 2*4/a*-60?
2, 3, 5
Let i(s) = -s - 17. Let u be i(-17). Suppose 2*c = -u*c + 24. List the prime factors of c.
2, 3
Suppose 0 = -5*b + 15, b - 3*b = 5*w - 301. What are the prime factors of w?
59
Let p(h) = -h**3 - 4*h**2 + 4*h - 6. Let y be p(-5). Let m = -11 - y. Let t = 16 - m. List the prime factors of t.
2, 13
Suppose 11*s = 3427 + 1237. List the prime factors of s.
2, 53
List the prime factors of (-3 + 0)/(1/(-91)).
3, 7, 13
Suppose 0 = b - 40 - 170. What are the prime factors of b?
2, 3, 5, 7
Suppose d + 8178 - 297 = 5*g, -3*g + 2*d + 4730 = 0. List the prime factors of g.
2, 197
Let x(n) = n**2 + 4 + 2*n + 3 + 3*n. Suppose -2*y - 3*z + 35 = -6*y, -3*z = 3*y. What are the prime factors of x(y)?
7
Suppose 168*s - 19536 = 160*s. What are the prime factors of s?
2, 3, 11, 37
Let y = 50 + -57. List the prime factors of y/((-14)/372) - 3.
3, 61
Let m(o) = 23*o**3 + 2*o**2 - 7. What are the prime factors of m(4)?
3, 499
Let q be (15*2)/(15/130 + 0). Let l = 398 - q. List the prime factors of l.
2, 3, 23
Let t be 5/2*(-16)/(-10). Let x(q) = -q**2 + 21*q - 11. Let c be x(15). Suppose t*f - 2*g = 50, -f + c = 4*f + 3*g. List the prime factors of f.
2, 7
Suppose 3*i = -5*c + 6*i + 78, 50 = 3*c - 5*i. Suppose 0 = 5*z - 0*z - c. Suppose -z*j + 4*g = -83, 4*g - 52 = -2*j - 10. List the prime factors of j.
5
Suppose 4*x = -w - 586 - 269, -3*x - 2*w - 635 = 0. Let n = -105 - x. What are t